se 3) in base 6?
-44
Convert a (base 13) to base 9.
11
Convert 403 (base 8) to base 7.
520
4 (base 11) to base 15
4
-92 (base 11) to base 16
-65
Convert 10 (base 4) to base 7.
4
-1020 (base 3) to base 15
-23
What is 56 (base 14) in base 16?
4c
-3 (base 10) to base 8
-3
What is -10101100 (base 2) in base 3?
-20101
What is -10000100 (base 2) in base 3?
-11220
Convert 22 (base 15) to base 13.
26
-220 (base 4) to base 14
-2c
-5b (base 13) to base 11
-6a
6 (base 7) to base 12
6
110001 (base 2) to base 12
41
What is 24 (base 12) in base 2?
11100
What is 3 (base 7) in base 16?
3
What is -35 (base 15) in base 16?
-32
-2 (base 16) to base 10
-2
-1 (base 4) to base 11
-1
Convert -143 (base 9) to base 6.
-320
-4 (base 15) to base 13
-4
Convert 102 (base 3) to base 14.
b
Convert 2 (base 3) to base 2.
10
Convert -71 (base 13) to base 14.
-68
Convert -4 (base 13) to base 15.
-4
-101 (base 4) to base 14
-13
-d (base 14) to base 16
-d
300 (base 4) to base 8
60
What is 4 (base 16) in base 2?
100
20 (base 3) to base 10
6
What is -5 (base 7) in base 2?
-101
What is -2 (base 6) in base 8?
-2
What is 4 (base 7) in base 5?
4
Convert 122 (base 3) to base 5.
32
Convert -1 (base 15) to base 6.
-1
1 (base 7) to base 16
1
Convert -231 (base 8) to base 6.
-413
Convert 2 (base 4) to base 11.
2
What is -51 (base 7) in base 2?
-100100
33 (base 6) to base 14
17
-17 (base 12) to base 11
-18
What is -21 (base 5) in base 4?
-23
Convert 6 (base 10) to base 8.
6
-27 (base 9) to base 7
-34
What is b (base 16) in base 11?
10
What is -220 (base 6) in base 11?
-77
What is 1 (base 2) in base 15?
1
What is -20 (base 6) in base 2?
-1100
Convert 101011001 (base 2) to base 5.
2340
-20 (base 4) to base 5
-13
-110100 (base 2) to base 3
-1221
What is 2101 (base 3) in base 14?
48
-2 (base 16) to base 13
-2
Convert -a5 (base 13) to base 8.
-207
Convert 31 (base 13) to base 10.
40
3 (base 5) to base 14
3
Convert -3 (base 15) to base 4.
-3
-12 (base 12) to base 15
-e
Convert 15 (base 7) to base 14.
c
10 (base 3) to base 12
3
Convert -100111 (base 2) to base 6.
-103
What is 15 (base 8) in base 5?
23
Convert -256 (base 7) to base 15.
-94
What is 103 (base 9) in base 16?
54
Convert 3 (base 14) to base 13.
3
-7 (base 14) to base 15
-7
Convert 2413 (base 5) to base 8.
546
1 (base 15) to base 9
1
What is -152 (base 9) in base 15?
-88
What is 4 (base 11) in base 2?
100
101 (base 5) to base 6
42
0 (base 9) to base 16
0
-3 (base 13) to base 16
-3
Convert -114 (base 5) to base 10.
-34
Convert -a3 (base 11) to base 2.
-1110001
What is 6c (base 15) in base 13?
7b
14 (base 6) to base 12
a
What is 99 (base 10) in base 12?
83
Convert -1 (base 12) to base 15.
-1
What is 35 (base 7) in base 16?
1a
Convert 68 (base 13) to base 6.
222
What is -2 (base 3) in base 16?
-2
What is -122 (base 8) in base 9?
-101
Convert -123 (base 4) to base 7.
-36
-1211 (base 3) to base 4
-301
142 (base 6) to base 4
332
What is -2 (base 11) in base 9?
-2
2 (base 7) to base 3
2
What is 100101100 (base 2) in base 3?
102010
What is -19 (base 13) in base 6?
-34
Convert -3310 (base 4) to base 11.
-202
42 (base 5) to base 2
10110
Convert -c (base 15) to base 8.
-14
101 (base 4) to base 13
14
Convert 45 (base 15) to base 12.
55
What is -6 (base 9) in base 11?
-6
3 (base 7) to base 3
10
Convert 116 (base 7) to base 6.
142
Convert 10011 (base 2) to base 13.
16
1 (base 12) to base 11
1
What is 12 (base 14) in base 13?
13
Convert -201 (base 4) to base 2.
-100001
2 (base 9) to base 16
2
Convert 2 (base 8) to base 2.
10
What is -1 (base 3) in base 15?
-1
Convert 14 (base 13) to base 10.
17
What is -11 (base 2) in base 8?
-3
Convert -1 (base 16) to base 13.
-1
What is 0 (base 14) in base 9?
0
Convert -278 (base 9) to base 10.
-233
What is 73 (base 16) in base 14?
83
What is 102002 (base 3) in base 7?
605
Convert 4 (base 13) to base 16.
4
Convert -57 (base 15) to base 8.
-122
26 (base 9) to base 7
33
What is 2 (base 16) in base 12?
2
Convert -445 (base 7) to base 5.
-1404
Convert -203 (base 4) to base 7.
-50
What is -28 (base 9) in base 10?
-26
Convert 1 (base 5) to base 16.
1
Convert -6 (base 13) to base 5.
-11
Convert -4 (base 12) to base 11.
-4
What is -7 (base 16) in base 9?
-7
What is 16 (base 10) in base 15?
11
What is a (base 13) in base 6?
14
Convert 6 (base 16) to base 8.
6
What is 1 (base 14) in base 2?
1
Convert 134 (base 10) to base 9.
158
-353 (base 9) to base 6
-1203
What is 2 (base 6) in base 10?
2
456 (base 7) to base 5
1422
What is -133 (base 4) in base 11?
-29
Convert 2 (base 6) to base 16.
2
What is -b (base 12) in base 3?
-102
What is 10 (base 12) in base 10?
12
-6 (base 9) to base 13
-6
-11101 (base 2) to base 4
-131
Convert 25 (base 14) to base 8.
41
What is 10 (base 3) in base 13?
3
-44 (base 14) to base 10
-60
1 (base 16) to base 4
1
6 (base 16) to base 12
6
What is -1011 (base 2) in base 9?
-12
What is 112 (base 7) in base 3?
2011
What is 1 (base 13) in base 3?
1
-6 (base 14) to base 16
-6
Convert -342 (base 5) to base 10.
-97
-86 (base 15) to base 10
-126
Convert 26 (base 9) to base 3.
220
What is -1 (base 7) in base 12?
-1
11233 (base 4) to base 15
197
1 (base 12) to base 4
1
What is 3 (base 12) in base 5?
3
Convert 11011 (base 2) to base 5.
102
Convert -41 (base 15) to base 14.
-45
22 (base 8) to base 2
10010
What is 10 (base 4) in base 6?
4
Convert -d (base 14) to base 2.
-1101
-111101 (base 2) to base 4
-331
What is -1133 (base 7) in base 14?
-21a
-10 (base 6) to base 13
-6
Convert 3 (base 12) to base 11.
3
What is -46 (base 9) in base 13?
-33
What is -2 (base 13) in base 7?
-2
What is 305 (base 7) in base 11?
129
What is 194 (base 10) in base 3?
21012
What is -71 (base 8) in base 6?
-133
43 (base 13) to base 3
2001
Convert 0 (base 16) to base 13.
0
What is -4 (base 7) in base 12?
-4
Convert -13 (base 9) to base 4.
-30
What is 2 (base 6) in base 8?
2
Convert -11 (base 9) to base 5.
-20
Convert 43 (base 11) to base 5.
142
-10 (base 8) to base 11
-8
Convert 4 (base 9) to base 15.
4
0 (base 13) to base 2
0
What is 4 (base 12) in base 16?
4
Convert 12 (base 15) to base 2.
10001
154 (base 6) to base 5
240
Convert 1d (base 16) to base 3.
1002
What is 58 (base 14) in base 4?
1032
-323 (base 9) to base 5
-2024
11 (base 5) to base 11
6
Convert -3 (base 4) to base 12.
-3
What is 4 (base 5) in base 9?
4
Convert -12 (base 12) to base 16.
-e
-20 (base 10) to base 3
-202
What is -11 (base 7) in base 2?
-1000
Convert 0 (base 13) to base 3.
0
2 (base 5) to base 11
2
What is -1111 (base 4) in base 14?
-61
4 (base 10) to base 11
4
What is -16 (base 11) in base 3?
-122
What is 0 (base 15) in base 11?
0
What is 103 (base 11) in base 14?
8c
Convert -26 (base 7) to base 10.
-20
What is -1211 (base 4) in base 7?
-203
Convert 2 (base 4) to base 7.
2
What is 4 (base 10) in base 6?
4
Convert -19 (base 12) to base 8.
-25
-1 (base 3) to base 16
-1
Convert -71 (base 12) to base 11.
-78
Convert 0 (base 14) to base 6.
0
221 (base 6) to base 5
320
Convert -a2 (base 11) to base 6.
-304
-7 (base 13) to base 5
-12
-23 (base 4) to base 12
-b
-8 (base 15) to base 8
-10
Convert 137 (base 11) to base 15.
ab
Convert 2 (base 10) to base 2.
10
Convert -14 (base 12) to base 8.
-20
Convert -1 (base 8) to base 3.
-1
What is 7 (base 10) in base 5?
12
What is -126 (base 8) in base 12?
-72
What is 1 (base 4) in base 14?
1
Convert 71 (base 11) to base 13.
60
What is -111111 (base 2) in base 8?
-77
-77 (base 8) to base 6
-143
Convert 21 (base 6) to base 5.
23
What is -36 (base 7) in base 3?
-1000
What is 1b (base 12) in base 2?
10111
What is -1 (base 16) in base 3?
-1
-21 (base 9) to base 12
-17
74 (base 10) to base 5
244
1121 (base 4) to base 3
10022
-6 (base 13) to base 5
-11
Convert 0 (base 15) to base 9.
0
What is -194 (base 11) in base 16?
-e0
What is 0 (base 9) in base 6?
0
3 (base 10) to base 7
3
What is 301 (base 5) in base 14?
56
35 (base 13) to base 16
2c
Convert -2 (base 15) to base 10.
-2
Convert 10c (base 14) to base 3.
21201
What is -313 (base 6) in base 13?
-90
-33 (base 8) to base 12
-23
What is -1 (base 7) in base 8?
-1
142 (base 5) to base 14
35
Convert -223 (base 8) to base 5.
-1042
-123 (base 8) to base 3
-10002
What is -1 (base 13) in base 9?
-1
1100 (base 2) to base 8
14
What is -4 (base 16) in base 2?
-100
What is 110010 (base 2) in base 3?
1